{"id":2323,"date":"2025-01-10T07:46:08","date_gmt":"2025-01-10T06:46:08","guid":{"rendered":"https:\/\/minnid.com\/about-us\/"},"modified":"2025-01-10T07:46:08","modified_gmt":"2025-01-10T06:46:08","slug":"about-us","status":"publish","type":"page","link":"https:\/\/minnid.com\/en\/about-us\/","title":{"rendered":"About Us"},"content":{"rendered":"<section class=\"bde-section-2323-100 bde-section\">\n              \n  \n  \n\t\n\n  <div class=\"section-background-overlay\"><\/div>\n\n\n        <div class=\"section-shape-divider-wrapper section-shape-divider-wrapper--1\">\n          <span class=\"section-shape-divider\">\n                      <svg\n                xmlns=\"http:\/\/www.w3.org\/2000\/svg\"\n                viewBox=\"0 0 1440 320\"\n                preserveAspectRatio=\"none\"\n            >\n              <path d=\"M1440 276.8s-255.057-1.964-432-1.54c-26.047.061-51.843 15.76-73.44 15.94-30.357.252-54.058-14.95-70.56-14.4-30.211 1.008-48 25.2-72 21.6-24-3.6-48-28.8-72-28.8s-48 25.2-72 28.8c-24 3.6-41.789-20.592-72-21.6-16.769-.559-42.412 14.64-73.44 14.388-21.623-.175-44.532-15.871-70.56-15.932C254.828 274.847 0 276.8 0 276.8V320h1440v-43.2Z\" fill=\"currentColor\"\/>\n            <\/svg>\n                    <\/span>\n      <\/div>\n  <div class=\"section-container\"><div class=\"bde-div-2323-101 bde-div\">\n  \n  \n\t\n\n\n\n<h1 class=\"bde-heading-2323-102 bde-heading\">\nAbout Us\n<\/h1><div class=\"bde-text-2323-103 bde-text\">\n\n<\/div>\n<\/div><\/div>\n<\/section><section class=\"bde-section-2323-104 bde-section\">\n  \n  \n\t\n\n\n\n<div class=\"section-container\"><div class=\"bde-columns-2323-105 bde-columns\"><div class=\"bde-column-2323-106 bde-column\">\n  \n  \n\t\n\n\n\n<h2 class=\"bde-heading-2323-107 bde-heading\">\nA little about us\n<\/h2><div class=\"bde-text-2323-108 bde-text\">\nWe are minnid, based in Bad Homburg and with production in Austria - more precisely in the Zillertal valley.<br><br>Our rear carrier systems allow our customers to make the most of the limited space in their campervan and safely transport bulky equipment such as bicycles or ski gear. Whether in the mountains, by the sea, or on remote roads \u2013 minnid embodies the unbridled urge to explore the world, discover new horizons, and fully enjoy every moment of adventure. <br><br>So get out there, enjoy life, and experience nature, the countryside, and the people intensely. We'll make sure you have everything you need. \n<\/div>\n<\/div><div class=\"bde-column-2323-114 bde-column\">\n  \n  \n\t\n\n\n\n<div class=\"bde-image-2323-115 bde-image\">\n<figure class=\"breakdance-image breakdance-image--539\">\n\t<div class=\"breakdance-image-container\">\n\t\t<div class=\"breakdance-image-clip\"><img loading=\"lazy\" decoding=\"async\" class=\"breakdance-image-object\" src=\"http:\/\/minnid.com\/wp-content\/uploads\/2025\/02\/minnid-cmt-1.jpg\" width=\"1653\" height=\"1137\" srcset=\"https:\/\/minnid.com\/wp-content\/uploads\/2025\/02\/minnid-cmt-1.jpg 1653w, https:\/\/minnid.com\/wp-content\/uploads\/2025\/02\/minnid-cmt-1-600x413.jpg 600w, https:\/\/minnid.com\/wp-content\/uploads\/2025\/02\/minnid-cmt-1-300x206.jpg 300w, https:\/\/minnid.com\/wp-content\/uploads\/2025\/02\/minnid-cmt-1-1024x704.jpg 1024w, https:\/\/minnid.com\/wp-content\/uploads\/2025\/02\/minnid-cmt-1-768x528.jpg 768w, https:\/\/minnid.com\/wp-content\/uploads\/2025\/02\/minnid-cmt-1-1536x1057.jpg 1536w\" sizes=\"auto, (max-width: 1653px) 100vw, 1653px\" alt=\"\" title=\"\"><\/div>\n\t<\/div><\/figure>\n\n<\/div>\n<\/div><\/div><\/div>\n<\/section><section class=\"bde-section-2323-116 bde-section\">\n  \n  \n\t\n\n\n\n<div class=\"section-container\"><div class=\"bde-columns-2323-121 bde-columns\"><div class=\"bde-column-2323-122 bde-column\">\n  \n  \n\t\n\n\n\n<h3 class=\"bde-heading-2323-123 bde-heading\">\n\/Our vision\n<\/h3><div class=\"bde-text-2323-124 bde-text\">\nCreating space for people to be mobile and independent.\n<\/div>\n<\/div><div class=\"bde-column-2323-126 bde-column\">\n  \n  \n\t\n\n\n\n<h3 class=\"bde-heading-2323-127 bde-heading\">\n\/Our guiding principles\n<\/h3><div class=\"bde-text-2323-128 bde-text\">\nIndependence \u2013 experiencing nature freely\n<\/div><div class=\"bde-text-2323-129 bde-text\">\nWhether young or old, competitive athlete or person with a disability \u2013 our goal is to meaningfully expand mobility for everyone who enjoys being active, enabling them to travel independently. So get out there, enjoy life, and experience nature, the countryside, and the people to the fullest. We'll make sure you can take everything you need with you.  \n<\/div>\n<\/div><\/div><div class=\"bde-columns-2323-143 bde-columns\"><div class=\"bde-column-2323-144 bde-column\">\n  \n  \n\t\n\n\n\n<h3 class=\"bde-heading-2323-145 bde-heading\">\n\/You \u2013 We \u2013 Together\n<\/h3><div class=\"bde-text-2323-146 bde-text\">\nThe best products are created when ideas and experiences from all of us are incorporated: from the people for whom we develop our products, from partners, and from ourselves. Together, we can truly expand mobility in a meaningful way \u2013 one that benefits both people and nature. \n<\/div>\n<\/div><div class=\"bde-column-2323-147 bde-column\">\n  \n  \n\t\n\n\n\n<h3 class=\"bde-heading-2323-148 bde-heading\">\n\/Environmentally conscious \u2013 connected to nature\n<\/h3><div class=\"bde-text-2323-150 bde-text\">\nWir nehmen wir \u201eUmweltbewusstsein\u201c wortw\u00f6rtlich: Wir entscheiden bewusst, wie wir unsere Produkte und Prozesse \u00f6kologisch und wirtschaftlich sinnvoll gestalten. Dabei liegt f\u00fcr uns der Schl\u00fcssel in der Schonung von Ressourcen. Unser Hauptanliegen besteht aber vor allem darin, Produkte zu entwickeln, mit denen Menschen mit umweltfreundlichen Technologien naturverbundene Momente erleben k\u00f6nnen.  <br>\n<\/div>\n<\/div><\/div><\/div>\n<\/section>","protected":false},"excerpt":{"rendered":"<p>About Us A little about us We are minnid, based in Bad Homburg and with production in Austria &#8211; more precisely in the Zillertal valley.Our rear carrier systems allow our customers to make the most of the limited space in their campervan and safely transport bulky equipment such as bicycles or ski gear. Whether in [&hellip;]<\/p>\n","protected":false},"author":1,"featured_media":0,"parent":0,"menu_order":0,"comment_status":"closed","ping_status":"closed","template":"","meta":{"_acf_changed":false,"_breakdance_hide_in_design_set":false,"_breakdance_tags":"","footnotes":""},"class_list":["post-2323","page","type-page","status-publish","hentry"],"acf":[],"jetpack_sharing_enabled":true,"_links":{"self":[{"href":"https:\/\/minnid.com\/en\/wp-json\/wp\/v2\/pages\/2323","targetHints":{"allow":["GET"]}}],"collection":[{"href":"https:\/\/minnid.com\/en\/wp-json\/wp\/v2\/pages"}],"about":[{"href":"https:\/\/minnid.com\/en\/wp-json\/wp\/v2\/types\/page"}],"author":[{"embeddable":true,"href":"https:\/\/minnid.com\/en\/wp-json\/wp\/v2\/users\/1"}],"replies":[{"embeddable":true,"href":"https:\/\/minnid.com\/en\/wp-json\/wp\/v2\/comments?post=2323"}],"version-history":[{"count":0,"href":"https:\/\/minnid.com\/en\/wp-json\/wp\/v2\/pages\/2323\/revisions"}],"wp:attachment":[{"href":"https:\/\/minnid.com\/en\/wp-json\/wp\/v2\/media?parent=2323"}],"curies":[{"name":"wp","href":"https:\/\/api.w.org\/{rel}","templated":true}]}}

<section class="bde-section-2323-100 bde-section">
              
  
  
	

  <div class="section-background-overlay"></div>


        <div class="section-shape-divider-wrapper section-shape-divider-wrapper--1">
          <span class="section-shape-divider">
                      <svg
                xmlns="http://www.w3.org/2000/svg"
                viewBox="0 0 1440 320"
                preserveAspectRatio="none"
            >
              <path d="M1440 276.8s-255.057-1.964-432-1.54c-26.047.061-51.843 15.76-73.44 15.94-30.357.252-54.058-14.95-70.56-14.4-30.211 1.008-48 25.2-72 21.6-24-3.6-48-28.8-72-28.8s-48 25.2-72 28.8c-24 3.6-41.789-20.592-72-21.6-16.769-.559-42.412 14.64-73.44 14.388-21.623-.175-44.532-15.871-70.56-15.932C254.828 274.847 0 276.8 0 276.8V320h1440v-43.2Z" fill="currentColor"/>
            </svg>
                    </span>
      </div>
  <div class="section-container"><div class="bde-div-2323-101 bde-div">
  
  
	



<h1 class="bde-heading-2323-102 bde-heading">
About Us
</h1><div class="bde-text-2323-103 bde-text">

</div>
</div></div>
</section><section class="bde-section-2323-104 bde-section">
  
  
	



<div class="section-container"><div class="bde-columns-2323-105 bde-columns"><div class="bde-column-2323-106 bde-column">
  
  
	



<h2 class="bde-heading-2323-107 bde-heading">
A little about us
</h2><div class="bde-text-2323-108 bde-text">
We are minnid, based in Bad Homburg and with production in Austria - more precisely in the Zillertal valley.<br><br>Our rear carrier systems allow our customers to make the most of the limited space in their campervan and safely transport bulky equipment such as bicycles or ski gear. Whether in the mountains, by the sea, or on remote roads – minnid embodies the unbridled urge to explore the world, discover new horizons, and fully enjoy every moment of adventure. <br><br>So get out there, enjoy life, and experience nature, the countryside, and the people intensely. We'll make sure you have everything you need. 
</div>
</div><div class="bde-column-2323-114 bde-column">
  
  
	



<div class="bde-image-2323-115 bde-image">
<figure class="breakdance-image breakdance-image--539">
	<div class="breakdance-image-container">
		<div class="breakdance-image-clip"><img loading="lazy" decoding="async" class="breakdance-image-object" src="http://minnid.com/wp-content/uploads/2025/02/minnid-cmt-1.jpg" width="1653" height="1137" srcset="https://minnid.com/wp-content/uploads/2025/02/minnid-cmt-1.jpg 1653w, https://minnid.com/wp-content/uploads/2025/02/minnid-cmt-1-600x413.jpg 600w, https://minnid.com/wp-content/uploads/2025/02/minnid-cmt-1-300x206.jpg 300w, https://minnid.com/wp-content/uploads/2025/02/minnid-cmt-1-1024x704.jpg 1024w, https://minnid.com/wp-content/uploads/2025/02/minnid-cmt-1-768x528.jpg 768w, https://minnid.com/wp-content/uploads/2025/02/minnid-cmt-1-1536x1057.jpg 1536w" sizes="auto, (max-width: 1653px) 100vw, 1653px" alt="" title=""></div>
	</div></figure>

</div>
</div></div></div>
</section><section class="bde-section-2323-116 bde-section">
  
  
	



<div class="section-container"><div class="bde-columns-2323-121 bde-columns"><div class="bde-column-2323-122 bde-column">
  
  
	



<h3 class="bde-heading-2323-123 bde-heading">
/Our vision
</h3><div class="bde-text-2323-124 bde-text">
Creating space for people to be mobile and independent.
</div>
</div><div class="bde-column-2323-126 bde-column">
  
  
	



<h3 class="bde-heading-2323-127 bde-heading">
/Our guiding principles
</h3><div class="bde-text-2323-128 bde-text">
Independence – experiencing nature freely
</div><div class="bde-text-2323-129 bde-text">
Whether young or old, competitive athlete or person with a disability – our goal is to meaningfully expand mobility for everyone who enjoys being active, enabling them to travel independently. So get out there, enjoy life, and experience nature, the countryside, and the people to the fullest. We'll make sure you can take everything you need with you.  
</div>
</div></div><div class="bde-columns-2323-143 bde-columns"><div class="bde-column-2323-144 bde-column">
  
  
	



<h3 class="bde-heading-2323-145 bde-heading">
/You – We – Together
</h3><div class="bde-text-2323-146 bde-text">
The best products are created when ideas and experiences from all of us are incorporated: from the people for whom we develop our products, from partners, and from ourselves. Together, we can truly expand mobility in a meaningful way – one that benefits both people and nature. 
</div>
</div><div class="bde-column-2323-147 bde-column">
  
  
	



<h3 class="bde-heading-2323-148 bde-heading">
/Environmentally conscious – connected to nature
</h3><div class="bde-text-2323-150 bde-text">
Wir nehmen wir „Umweltbewusstsein“ wortwörtlich: Wir entscheiden bewusst, wie wir unsere Produkte und Prozesse ökologisch und wirtschaftlich sinnvoll gestalten. Dabei liegt für uns der Schlüssel in der Schonung von Ressourcen. Unser Hauptanliegen besteht aber vor allem darin, Produkte zu entwickeln, mit denen Menschen mit umweltfreundlichen Technologien naturverbundene Momente erleben können.  <br>
</div>
</div></div></div>
</section>
